3385.
691
Calculate the remainder when 462191 is divided by 21008.
15
What is the remainder when 843467 is divided by 2824?
1915
Calculate the remainder when 440649687 is divided by 13.
10
What is the remainder when 293486595 is divided by 37?
5
What is the remainder when 936130 is divided by 104014?
4
What is the remainder when 222772407 is divided by 1890?
1887
What is the remainder when 1245167 is divided by 106?
91
Calculate the remainder when 3855958 is divided by 1285312.
22
What is the remainder when 65692668 is divided by 3128222?
6
What is the remainder when 634303 is divided by 122?
25
Calculate the remainder when 1314774 is divided by 1806.
6
Calculate the remainder when 4601452 is divided by 1060.
1052
Calculate the remainder when 4454349 is divided by 45.
24
What is the remainder when 2005 is divided by 465?
145
What is the remainder when 397538 is divided by 714?
554
What is the remainder when 100404176 is divided by 20080833?
11
What is the remainder when 6996608 is divided by 900?
8
What is the remainder when 2073 is divided by 471?
189
What is the remainder when 1935186 is divided by 161250?
186
What is the remainder when 2158575 is divided by 5711?
5528
What is the remainder when 6204790 is divided by 57?
55
Calculate the remainder when 74627 is divided by 6780.
47
What is the remainder when 608801 is divided by 202929?
14
Calculate the remainder when 239238991 is divided by 3346.
3337
Calculate the remainder when 61169 is divided by 264.
185
Calculate the remainder when 2516234 is divided by 209686.
2
Calculate the remainder when 1684362 is divided by 1684279.
83
What is the remainder when 3379417 is divided by 55?
52
Calculate the remainder when 22833890 is divided by 80.
50
Calculate the remainder when 10265983 is divided by 414.
25
What is the remainder when 1051197 is divided by 50047?
210
Calculate the remainder when 1921352 is divided by 342.
338
What is the remainder when 787333 is divided by 4040?
3573
What is the remainder when 2639229 is divided by 879535?
624
What is the remainder when 570420 is divided by 1067?
642
Calculate the remainder when 307879253 is divided by 36.
17
What is the remainder when 111265 is divided by 12?
1
Calculate the remainder when 14166375 is divided by 107.
3
Calculate the remainder when 46444 is divided by 2153.
1231
What is the remainder when 618099 is divided by 154490?
139
What is the remainder when 98603 is divided by 53?
23
Calculate the remainder when 15389327 is divided by 2861.
8
What is the remainder when 438131 is divided by 1825?
131
Calculate the remainder when 6861987 is divided by 88.
11
Calculate the remainder when 197962 is divided by 796.
554
What is the remainder when 157881650 is divided by 34?
32
Calculate the remainder when 9662615 is divided by 98.
11
Calculate the remainder when 35198334 is divided by 92.
54
Calculate the remainder when 1568518 is divided by 538.
248
Calculate the remainder when 1469217 is divided by 734595.
27
What is the remainder when 1229082 is divided by 495?
492
Calculate the remainder when 27339949 is divided by 16.
13
Calculate the remainder when 66150921 is divided by 13230181.
16
What is the remainder when 2174989 is divided by 249?
223
Calculate the remainder when 26972 is divided by 473.
11
Calculate the remainder when 944998 is divided by 38.
14
What is the remainder when 94209 is divided by 1734?
573
What is the remainder when 64057911 is divided by 3?
0
What is the remainder when 751149 is divided by 39533?
22
What is the remainder when 92273 is divided by 9?
5
What is the remainder when 1053134 is divided by 1003?
987
What is the remainder when 6320812 is divided by 499?
478
What is the remainder when 2533906 is divided by 1266949?
8
What is the remainder when 411967 is divided by 327?
274
What is the remainder when 65068 is divided by 511?
171
What is the remainder when 145702 is divided by 6068?
70
What is the remainder when 80978871 is divided by 80978871?
0
What is the remainder when 298609245 is divided by 16?
13
Calculate the remainder when 1857403 is divided by 487.
472
What is the remainder when 8711 is divided by 2894?
29
Calculate the remainder when 13246760 is divided by 217.
212
Calculate the remainder when 667654 is divided by 13698.
10150
What is the remainder when 813375 is divided by 271075?
150
What is the remainder when 2778459 is divided by 683?
15
Calculate the remainder when 236235 is divided by 118088.
59
What is the remainder when 17208902 is divided by 7645?
7
Calculate the remainder when 1654126 is divided by 2123.
309
Calculate the remainder when 3778665 is divided by 27990.
15
Calculate the remainder when 722092 is divided by 180508.
60
Calculate the remainder when 224358 is divided by 220326.
4032
What is the remainder when 871859 is divided by 1000?
859
What is the remainder when 70467 is divided by 61736?
8731
Calculate the remainder when 3557604 is divided by 104633.
82
What is the remainder when 480481 is divided by 924?
1
What is the remainder when 75499 is divided by 449?
67
What is the remainder when 21109998 is divided by 12?
6
What is the remainder when 40380337 is divided by 4034?
4031
Calculate the remainder when 62810 is divided by 62792.
18
What is the remainder when 568053 is divided by 4336?
37
What is the remainder when 1399521 is divided by 610?
181
Calculate the remainder when 26209 is divided by 24820.
1389
What is the remainder when 6066213 is divided by 936?
933
What is the remainder when 2747138 is divided by 915631?
245
What is the remainder when 84449 is divided by 205?
194
Calculate the remainder when 79768 is divided by 8389.
4267
Calculate the remainder when 157407 is divided by 3421.
41
What is the remainder when 3945362 is divided by 986340?
2
Calculate the remainder when 62372697 is divided by 351.
348
What is the remainder when 20488490 is divided by 6829398?
296
Calculate the remainder when 7710307 is divided by 260.
7
What is the remainder when 332947 is divided by 5457?
70
What is the remainder when 1207755 is divided by 22?
21
Calculate the remainder when 168926931 is divided by 1814.
1809
Calculate the remainder when 9764 is divided by 1011.
665
What is the remainder when 147639 is divided by 4220?
4159
Calculate the remainder when 116704583 is divided by 1907.
1904
Calculate the remainder when 2446165 is divided by 921.
910
What is the remainder when 12462657 is divided by 298?
297
Calculate the remainder when 28531436 is divided by 9435.
9431
What is the remainder when 82672 is divided by 212?
204
What is the remainder when 147829696 is divided by 79?
77
Calculate the remainder when 3649082 is divided by 121635.
32
Calculate the remainder when 48441 is divided by 22599.
3243
What is the remainder when 1666083 is divided by 15?
3
What is the remainder when 870200 is divided by 34807?
25
What is the remainder when 35443951 is divided by 5119?
5114
What is the remainder when 2421581 is divided by 7521?
7340
Calculate the remainder when 259643 is divided by 2984.
35
What is the remainder when 15903370 is divided by 7951683?
4
What is the remainder when 70936 is divided by 209?
85
What is the remainder when 231642 is divided by 638?
48
What is the remainder when 8258022 is divided by 8258015?
7
What is the remainder when 1965120 is divided by 78604?
20
What is the remainder when 283306 is divided by 293?
268
Calculate the remainder when 11059013 is divided by 21899.
18
Calculate the remainder when 830117 is divided by 301.
260
Calculate the remainder when 36754858 is divided by 377.
374
Calculate the remainder when 337702 is divided by 4756.
26
What is the remainder when 23824 is divided by 7880?
184
What is the remainder when 121104 is divided by 964?
604
Calculate the remainder when 339313 is divided by 377.
13
What is the remainder when 32768582 is divided by 153843?
23
What is the remainder when 27120604 is divided by 161432?
28
Calculate the remainder when 1107240 is divided by 42.
36
What is the remainder when 879960 is divided by 1897?
1649
Calculate the remainder when 392580 is divided by 255.
135
What is the remainder when 2171493160 is divided by 9914?
9912
What is the remainder when 510578 is divided by 255284?
10
Calculate the remainder when 12267135 is d